ate the greatest common divisor of 12 and r.
12
Let y = -41 - -46. Suppose 0 = v + u - 47, 2*v + 3*u = y*v - 153. Calculate the highest common factor of v and 7.
7
Suppose -l + 144 = 8*l. Suppose -l*s = -12*s - 144. Let j(g) = 2*g**2. Let f be j(3). What is the highest common factor of f and s?
18
Suppose -h - 2*k = -209, 0 = -2*h + 7*h + 2*k - 1037. What is the greatest common divisor of h and 27?
9
Suppose 3*o - 27 + 126 = 3*x, -3*x + 99 = o. Suppose x*k + 24 = 35*k. Let r = 28 - -8. What is the highest common divisor of r and k?
12
Suppose -8*h - 6*h = -84. Let k be 3 + h/(-1)*-3. Calculate the greatest common divisor of 336 and k.
21
Suppose -122*g + 136*g - 42 = 0. Let x be (-2)/(3/((-45)/6)). Suppose 0 = x*h - 5 - 10. What is the greatest common divisor of h and g?
3
Suppose 3*t + 2*h = -3*h + 111, h - 111 = -3*t. Let q = -33 + t. Suppose -35 + 11 = -q*j. What is the highest common divisor of 4 and j?
2
Let z(q) = q**2 + 3*q + 19. Let o be z(-5). Calculate the greatest common factor of 783 and o.
29
Let y = 573 + -537. Calculate the greatest common divisor of y and 180.
36
Suppose 9*t - 469 = -64. Calculate the greatest common factor of 135 and t.
45
Let j = -52 + -34. Let k = -83 - j. Calculate the highest common factor of 6 and k.
3
Let o(z) = -z**3 + 2*z**2 - 1. Let y be o(1). Suppose y*j - 2*j = 24. Let c = j + 15. Calculate the highest common factor of c and 6.
3
Suppose -225 = -20*g + 17*g - 2*b, 0 = 3*g - 3*b - 225. What is the highest common divisor of 30 and g?
15
Suppose -12 = -2*x - 16, 737 = i - x. What is the highest common divisor of 15 and i?
15
Let h be (-238)/(-18) + (16/(-36))/2. Suppose -609 = -h*p + 10*p. What is the greatest common factor of p and 29?
29
Let i be 246 + -242 - 6/(1 + -2). Calculate the greatest common divisor of 265 and i.
5
Let f(b) = -2*b**3 + 11*b**2 - 12*b + 16. Let n be f(3). What is the greatest common divisor of n and 625?
25
Let u = 1326 + -1286. Calculate the greatest common factor of u and 740.
20
Let c be 1*(3 + 2 + -1). Let q(t) be the first derivative of -2*t**2 - 2*t - 9. Let l be q(-3). Calculate the greatest common divisor of l and c.
2
Suppose 3*i - 95 = -l, -72*l + 67*l = -25. Let v = 1 + 19. Calculate the highest common divisor of i and v.
10
Let n = 127 + -249. Let c be (0 - n) + (1 - (6 + -3)). Calculate the highest common factor of 15 and c.
15
Let n be 27/(-15) - (-3)/(-15). Let c be (22/6 + n)*3. Suppose 41 = 3*o - 79. Calculate the greatest common divisor of o and c.
5
Let x = -329 - -335. Calculate the highest common divisor of 582 and x.
6
Let p be 91/39*12*7. Calculate the greatest common factor of 56 and p.
28
Let x = -2607 + 2617. Calculate the highest common divisor of 115 and x.
5
Let a(l) = 210*l**3 + l - 1. Let f be a(1). Suppose q - f = -2*q. Let p(z) = -z + 16. Let c be p(6). Calculate the greatest common factor of q and c.
10
Let x(j) = 13*j - 4. Let w be x(8). Suppose -w = 20*a - 22*a. Calculate the greatest common divisor of 20 and a.
10
Let x be (-30)/(-40)*-4 + 7. Calculate the greatest common factor of 388 and x.
4
Let w be 8062/6 + 6/18. What is the greatest common divisor of w and 42?
42
Let p(c) = -19*c**2 + 3*c. Let k be p(-1). Let l = 46 + -78. Let u = k - l. What is the greatest common factor of 110 and u?
10
Let p be (-10364)/(-12) - (-2)/6. Suppose -10*o = -2*o - p. Calculate the greatest common divisor of 18 and o.
18
Let y = -16 + 24. Let w be (-1)/((-2)/y) + 29. What is the greatest common factor of w and 11?
11
Suppose -2*m + 40 + 120 = 0. What is the highest common factor of m and 16?
16
Let j = -42 - -49. Suppose 9*y = j*y + 120. Calculate the highest common divisor of y and 30.
30
Let z(y) be the first derivative of 7*y**2/2 - y + 12. Let o be z(5). Calculate the greatest common divisor of 85 and o.
17
Let j = 5 - 21. Let u = -8 - j. Suppose 0 = p - u - 4. Calculate the greatest common divisor of p and 48.
12
Let s be (-19)/76 - (-9)/4. Calculate the highest common factor of 14 and s.
2
Suppose -3*k - 5*s = -176 + 3, -k = -4*s - 52. What is the greatest common factor of k and 504?
56
Let c(a) = -11. Let d(w) = w. Let k(p) = c(p) + 5*d(p). Let x be k(4). Calculate the greatest common factor of x and 81.
9
Let k be ((-9)/(-6))/((-6)/(-16)). Let f(c) = 2*c**3 - c**2 + 7*c - 5. Let t be f(k). What is the highest common divisor of 15 and t?
15
Let r(d) = 9*d + 123. Let t be r(-7). What is the highest common divisor of 36 and t?
12
Let p = -7 + 49. Let s = -24 + 52. What is the greatest common factor of s and p?
14
Suppose -l + 90 = 4*l. Let b be (0 - -4)/(6/l). Let h = 1 - -5. Calculate the greatest common divisor of h and b.
6
Let q(b) = b + 11. Let i be q(-7). Suppose i*u = 117 - 21. Suppose 4*c = 5*v + 12, 0*c = c - 4*v + 8. What is the highest common factor of u and c?
8
Let m(y) = y**2 + 2*y + 7. Let q be 112/(-42)*3*1. Let o be m(q). Calculate the greatest common divisor of 22 and o.
11
Let s(h) = -12*h + 116. Let y be s(7). Calculate the highest common factor of y and 2.
2
Let y = -9 - -13. Suppose 5*l - 647 + 87 = -y*d, 5*d - 224 = -2*l. What is the highest common factor of l and 14?
14
Let f = 49 - 69. Let p be (-15)/f + (-205)/(-20). Calculate the greatest common divisor of p and 88.
11
Let j be (-1)/3 + 38/6. Let t be -4*(-3)/24 - (-46)/4. Calculate the highest common divisor of j and t.
6
Let g(a) = a**3 + 19*a**2 - 47*a - 68. Let w be g(-21). Calculate the greatest common factor of w and 1591.
37
Suppose 0 = 14*u - 15*u + 8. Suppose u = -t + 5*t. Suppose v = -x + 109, t*v = 3*v - 3*x - 93. Calculate the greatest common factor of 42 and v.
21
Let y(t) = -t**2 - 33*t - 189. Let r be y(-21). What is the highest common divisor of r and 14?
7
Suppose -2*j = 2, -7*n + 3*n = 4*j + 4. Suppose 4*z = -g + 92, 5*g + 4*z = -n*z + 524. What is the greatest common divisor of 12 and g?
12
Let r(o) = -o**3 - 5*o**2 + 4*o - 52. Let q be r(-7). What is the highest common factor of 774 and q?
18
Suppose -180 = 3*v + 2*v. Let a be 140/30*v/14. Let q be (0 + 4)*(-30)/a. What is the highest common factor of 40 and q?
10
Suppose 2*f + w - 516 = 0, 2*f - 504 = 23*w - 27*w. Calculate the greatest common factor of 52 and f.
52
Let l = 15 - 2. Let p = -92 + 100. Let w(c) = c**2 + 6*c - 21. Let a be w(p). What is the highest common factor of l and a?
13
Let g = -502 - -557. What is the greatest common factor of 40 and g?
5
Let v(k) = k**2 + 5*k + 10. Let u be v(-7). Let m(b) = -b**3 - 6*b**2 - 25*b + 3. Let h be m(0). What is the greatest common divisor of u and h?
3
Let o(z) = z**2 - 2*z + 77. Let a be o(0). Let l be 21 + 4 - 2/2. Let b = -17 + l. What is the greatest common factor of b and a?
7
Let l = -18 + 22. Suppose 2*w - 7*w + 3*y + 162 = 0, l*y = -3*w + 74. Calculate the highest common divisor of 10 and w.
10
Let w(d) = 10*d**2 + 4*d + 0 - 5 + 2. Suppose -8 = -3*o - o. Let g be w(o). What is the highest common divisor of g and 30?
15
Let z = -348 + 588. Suppose 46 = 2*p + 4*g, -3*g = 3*p - 7*p + 48. Calculate the highest common divisor of p and z.
15
Let h be (-46)/(-14) - (-2)/(-7). Let o(y) = -y**2 + 17*y + 38. Let s be o(19). Suppose h*d - 6 - 18 = s. What is the highest common divisor of 20 and d?
4
Let v = -162 - -295. What is the greatest common divisor of 76 and v?
19
Suppose 0 = -3*z - 2*p + 2621, 9*p = -z + 11*p + 863. What is the greatest common factor of 201 and z?
67
Let i = 65 - 27. What is the highest common factor of 152 and i?
38
Let b(w) = -10*w - 48. Let g be b(-14). What is the highest common factor of g and 46?
46
Let n = -34 + -27. Let c = -19 - n. Calculate the highest common factor of 105 and c.
21
Let i(z) = 143*z - 204. Let d be i(4). What is the greatest common factor of 176 and d?
16
Let t = 1890 - 1233. What is the highest common divisor of 27 and t?
9
Let a(n) = n**3 + 2*n + 13. Let o be a(0). Calculate the highest common factor of 1 and o.
1
Let h = 2657 - 1569. Calculate the greatest common divisor of 32 and h.
32
Let q(s) = 9*s**2 - 27*s + 3. Let f be q(6). Calculate the greatest common divisor of f and 33.
33
Let s be 58 - 1/(2/4). Let o(n) = 8*n + 14. Let g be o(3). Suppose -3*k + 71 = 2*h + 2*h, 2*h = -2*k + g. What is the greatest common factor of s and h?
14
Suppose -6 = -44*m + 42*m. Let x(g) = -g**2 + 2*g + 4. Let